)?
2, 3, 11
Suppose -11*d = -3*d + 3584. Let h = 917 + d. List the prime factors of h.
7, 67
Let r(b) = -8*b**3 + 2*b - 1. Let v be r(1). Let j = v - 17. List the prime factors of 1/(1/(-2)) - j.
2, 11
Let k(w) = w**3 - 5*w**2 + 2*w + 11. Let u be k(4). Suppose 0 = 4*i + 6*n - u*n - 13, -i - 2 = -n. What are the prime factors of (0 - (i + -3))*(-1770)/(-20)?
3, 59
Suppose 7*j + 3550 = 8*j + 2*o, 3541 = j - o. What are the prime factors of j?
2, 443
Let y = -37 - -44. Suppose 6 - 27 = -y*g. Suppose -g*m + 0*m = -390. What are the prime factors of m?
2, 5, 13
Let p be 2*1*(-20)/(-40)*8. Suppose -22*y + p*y = -1904. What are the prime factors of y?
2, 17
Let l(g) = 6*g + 33. Let t = -39 - -18. Let b = -10 - t. What are the prime factors of l(b)?
3, 11
Let o be 2/(-6*2/4 - -5). Let n(a) = -a**2 + 3*a + 1. Let d be n(o). Suppose d*r + 616 = 10*r. List the prime factors of r.
2, 11
Let m = -31 + 22. Suppose -3070 = 90*a - 640. List the prime factors of (-2463)/a + 2/m.
7, 13
Suppose 499*k = 549*k - 306150. What are the prime factors of k?
3, 13, 157
Suppose 5*r + 1455 = 3960. Let o = r + -251. List the prime factors of o.
2, 5
Let v(d) = 365*d**3 - 35*d**2 + 8*d - 3. List the prime factors of v(2).
3, 7, 19
Suppose u = -11*u + 16764. Let c = u + -599. List the prime factors of c.
2, 3, 7, 19
Suppose -z + 3*z = -4*h + 44, 0 = h + 3*z - 21. Suppose -h*i + 77 = -2*i. Suppose 6*b = i*b - 1055. What are the prime factors of b?
211
Let h = -4375 + 6989. List the prime factors of h.
2, 1307
Let k(g) = -49*g**3 - 24*g**2 + 10*g + 101. List the prime factors of k(-8).
11, 2143
Let w(y) = y**3 + 4*y**2 + 2*y + 12. Let t be w(-5). Let c = t - -23. Suppose 5*n - 377 = -3*x, c = 3*n + 2*x - 230 + 3. List the prime factors of n.
73
Suppose 12 = 5*w - w + 2*x, -6 = -2*w - 5*x. Suppose -2*q - 5*u - 5 = 0, -1 = 5*q - w*u - 4. Suppose q = 3*p + 2*p - 460. What are the prime factors of p?
2, 23
Let d = 1640 - 364. Let h = 2391 - d. List the prime factors of h.
5, 223
Let n be -2*(-3)/4*(-108)/(-81). Suppose -33 - 13 = -n*v. Suppose 0 = 2*j - 29 - v. What are the prime factors of j?
2, 13
Let s = 2257 + 6530. List the prime factors of s.
3, 29, 101
Suppose 965314 = 142*w - 896590. List the prime factors of w.
2, 11, 149
Let b = -8483 - -18523. What are the prime factors of b?
2, 5, 251
Let s(i) = 7*i**3 - 3*i**2 + 11*i + 2. Let g be s(6). Suppose 0 = x + 2*n - 1080, -3*n = -3*x + 1759 + g. List the prime factors of x.
2, 7, 11
Suppose 14*k - 20 = 10*k. Suppose k*w = 10*f - 5*f - 590, -4*w - 124 = -f. List the prime factors of f.
2, 29
Suppose -10 = 8*q + 70. Let w be ((-21)/35)/(2/q). What are the prime factors of 26 + -3 + 1 - w?
3, 7
List the prime factors of (25/(-3))/((137 - 144) + (-15014)/(-2145)).
5, 11, 13
Let t be -3 + ((-6)/(-2) - -28*2). Suppose -10*y + 44 = -t. Suppose -2*r - 584 = -y*r. List the prime factors of r.
73
Let f be 2/6 + (8/3 - 1). List the prime factors of f/(-13) - 22*(-1244)/104.
263
Let q = -6894 - -9425. What are the prime factors of q?
2531
Suppose 7327 = 10*w - 17661 + 7068. What are the prime factors of w?
2, 7
Suppose 6*y - 6643 - 18815 = 0. Suppose -3*g + y = -1991. Suppose 166 = -8*r + g. List the prime factors of r.
239
Suppose 3*v = 3*l + 57597, -76808 = -20*v + 16*v + l. What are the prime factors of v?
3, 37, 173
Suppose -3*x + 69*s + 77322 = 73*s, -x + 25770 = 2*s. List the prime factors of x.
2, 3, 4297
Let r = -8602 - -12251. List the prime factors of r.
41, 89
Let p(u) be the second derivative of -3*u + 2/3*u**4 + 0 - 1/20*u**5 - 11/2*u**2 + 3/2*u**3. What are the prime factors of p(8)?
61
Suppose -1027991 - 68005 = -66*d. List the prime factors of d.
2, 19, 23
Let w be (-70)/(-9) + (-22)/(-99). Let x(f) = 3*f - 15. Let z be x(w). What are the prime factors of 3/z + 141/9?
2
Let w(r) = 19*r + 15. Let p(t) = -3*t**2 + 29*t - 3. Let m be p(8). What are the prime factors of w(m)?
2, 359
Let y = -48 - -112. Let o = y - 70. List the prime factors of (-1)/o + (-2391)/(-18) + 1.
2, 67
What are the prime factors of 34181 + 5*(-621)/135?
2, 3, 5693
Let o(m) = 10*m**2 - 2*m + 6. Let w be o(-3). Let r = 205 - w. Suppose -t - a = -r, 2*t + 0*t - 4*a - 212 = 0. What are the prime factors of t?
2, 13
Let i = 213 - 279. Let r = i + 597. List the prime factors of r.
3, 59
Let g = 71 + -71. Suppose u - 436 = -j - 4*u, 2*j - 2*u - 824 = g. What are the prime factors of j?
2, 13
Let x = -94 + 98. Suppose p + 4*p - x*q - 734 = 0, -4*q + 142 = p. What are the prime factors of p?
2, 73
Let l(u) = -32*u**2 + 14*u + 7. Let r(g) = -31*g**2 + 15*g + 6. Let z(h) = -3*l(h) + 2*r(h). List the prime factors of z(-6).
3, 11, 13
Suppose -243*f + 247*f - 123005 = p, -92252 = -3*f + p. List the prime factors of f.
3, 17, 67
Let l(x) = 738*x - 1837. List the prime factors of l(20).
12923
Suppose -18*l + 2691 + 657 = 0. Suppose 288 = 6*d + l. List the prime factors of d.
17
Suppose 3*w + 23 = -12*p + 16*p, -5*p + w = -37. Let i(l) = 75*l - 84. List the prime factors of i(p).
2, 3, 43
What are the prime factors of (-10)/(-20)*44378*(2 + 1 + -2)?
22189
Suppose 17*b = -7*b + 120. Suppose 0 = 4*r - 20, -b*r + 3400 + 1055 = 5*m. List the prime factors of m.
2, 443
Let g(z) = z**3 + 4*z**2 - 6*z - 8. Let k be g(-5). Let p be ((-2)/k)/((-215)/45 + 5). Suppose -p*j = -7*j + 136. What are the prime factors of j?
2, 17
Suppose -126 = -11*v + 6. Suppose -4*y - v = -0. What are the prime factors of 2/(2/(-7))*y?
3, 7
List the prime factors of (-460)/36 + 13 + (-113857)/(-9).
3, 4217
Let p = -697 - -1364. Suppose o = 5*g + 186, 4*o - p = -5*g + 27. Suppose -3*y = f - o - 16, -2*y = 2*f - 392. What are the prime factors of f?
2, 3, 11
Let f(h) = h**3 + 16*h**2 - 16*h + 103. List the prime factors of f(24).
11, 2069
Let l = 6122 - 4107. Suppose 26*u = 13*u + l. What are the prime factors of u?
5, 31
Let o(w) = -w**3 + 6*w**2 - w + 8. Let j be o(6). Suppose -g - j*g - 9 = 0. What are the prime factors of ((-51)/g)/((-4)/(-32))?
2, 17
Let y = -2418 - -10431. What are the prime factors of y?
3, 2671
Suppose 4*t + 1033 = 3*d, -5*t = -3*d - 6*t + 1013. Suppose -8 = 335*l - d*l. Suppose -a + 3*h - 79 = -l*a, -4*a + h + 355 = 0. What are the prime factors of a?
2, 11
Suppose -11 = -2*u + u. Let p(n) = 4*n**2 - 12*n. Let s be p(-9). Suppose s = 15*v - u*v. List the prime factors of v.
2, 3
Let r be 0/((-4)/2 - 0). Let w(z) = -z**2 - 16*z + 649. Let a be w(-34). Let m = r + a. What are the prime factors of m?
37
Let k be (-26 + 3)/((-2)/(-8)*4). List the prime factors of (28 + k)*1/(5/1128).
2, 3, 47
Suppose -5*w = 2*n + 23, -2*w = 3*n + 2 + 38. Let a(d) = 22*d - 5 + 16*d**2 + d**3 + 0*d - 3*d - 8. What are the prime factors of a(n)?
113
Let s(w) = -1892*w - 264. List the prime factors of s(-2).
2, 5, 11
What are the prime factors of 42/(-1400)*-10*92970?
3, 1033
Let s = -45546 - -65150. List the prime factors of s.
2, 13, 29
Let v = -239 + 338. Let u = -75 + v. What are the prime factors of ((-27)/u*-2)/(24/64)?
2, 3
Suppose 9*q - 14*q = -95. Suppose 5*z - 16 = -1. Suppose z*m = -2*p + 39, 4 = -p - 3*m + q. List the prime factors of p.
2, 3
Suppose -11*c - 71369 = -3*y - 16*c, -4*y + 95148 = -4*c. What are the prime factors of y?
2, 19, 313
Let z be (-1 - -2)*(-9)/(90/(-20)). Let q = -3 + 6. Suppose -538 - 16 = -5*x - z*g, 0 = x - q*g - 121. List the prime factors of x.
2, 7
Suppose -29*h + 37*h - 1001795 = -183*h. List the prime factors of h.
5, 1049
What are the prime factors of (-2)/(((-15)/5)/(-6)) + 9221?
13, 709
Let k(l) = -2541*l + 266. List the prime factors of k(-4).
2, 5, 7, 149
Suppose -2398*i + 2*q + 96462 = -2395*i, 64321 = 2*i + 3*q. List the prime factors of i.
2, 8039
Let f(h) = -h**3 + 22*h**2 - 18*h - 3. Suppose 0 = 9*n - 2*n - 147. Let u be f(n). Let l = 64 - u. What are the prime factors of l?
2
Let q(c) = -26*c**2 + 5*c - 14. Let n be q(-6). Let u = -292 - n. What are the prime factors of u?
2, 43
Suppose 0 = i - 0*i - 2, 4*i - 53 = 3*s. Let p be (-3)/(2/s - (-39)/(-45)). Suppose 0*k + 47 = l - 2*k, 0 = p*l + 2*k - 133. List the prime factors of l.
3, 5
Suppose 26*x + 545 = 2027. Suppose 0 = -18*a + x + 141. What are the prime factors of a?
11
Suppose -2*g + 21047 = -3*h, -g + 10524 = 47*h - 48*h. What are the prime factors of g?
5, 421
Let n(m) = -m**3 - 16